{"id":108,"date":"2014-12-06T17:02:29","date_gmt":"2014-12-06T16:02:29","guid":{"rendered":"http:\/\/nuestrasenoramoratalaz.archimadrid.es\/?page_id=108"},"modified":"2024-12-17T12:53:50","modified_gmt":"2024-12-17T11:53:50","slug":"formacion","status":"publish","type":"page","link":"https:\/\/nuestrasenoramoratalaz.archimadrid.es\/?page_id=108","title":{"rendered":"I.FORMACI\u00d3N"},"content":{"rendered":"<h3><em>La Fe que confesamos en el Credo<\/em><\/h3>\n<ul>\n<li>Catequesis de iniciaci\u00f3n cristiana<\/li>\n<li>Prebautismales<\/li>\n<li>Primera comuni\u00f3n y postcomuni\u00f3n:\n<ul>\n<li>Domingos a las 11.30h<\/li>\n<\/ul>\n<\/li>\n<li>Adolescentes y confirmaci\u00f3n:\n<ul>\n<li>Confirmaci\u00f3n I: Viernes a las 17.30h<\/li>\n<li>Confirmaci\u00f3n (adultos): Consultar con los sacerdotes<\/li>\n<\/ul>\n<\/li>\n<li>Catecismo de adultos<\/li>\n<li>Grupo de J\u00f3venes (Mayores de 18 a\u00f1os) Viernes 20:30h<\/li>\n<\/ul>\n","protected":false},"excerpt":{"rendered":"<p>La Fe que confesamos en el Credo Catequesis de iniciaci\u00f3n cristiana Prebautismales Primera comuni\u00f3n y postcomuni\u00f3n: Domingos a las 11.30h Adolescentes y confirmaci\u00f3n: Confirmaci\u00f3n I:<\/p>\n","protected":false},"author":5,"featured_media":0,"parent":6594,"menu_order":1,"comment_status":"closed","ping_status":"closed","template":"","meta":{"_monsterinsights_skip_tracking":false,"_monsterinsights_sitenote_active":false,"_monsterinsights_sitenote_note":"","_monsterinsights_sitenote_category":0},"aioseo_notices":[],"_links":{"self":[{"href":"https:\/\/nuestrasenoramoratalaz.archimadrid.es\/index.php?rest_route=\/wp\/v2\/pages\/108"}],"collection":[{"href":"https:\/\/nuestrasenoramoratalaz.archimadrid.es\/index.php?rest_route=\/wp\/v2\/pages"}],"about":[{"href":"https:\/\/nuestrasenoramoratalaz.archimadrid.es\/index.php?rest_route=\/wp\/v2\/types\/page"}],"author":[{"embeddable":true,"href":"https:\/\/nuestrasenoramoratalaz.archimadrid.es\/index.php?rest_route=\/wp\/v2\/users\/5"}],"replies":[{"embeddable":true,"href":"https:\/\/nuestrasenoramoratalaz.archimadrid.es\/index.php?rest_route=%2Fwp%2Fv2%2Fcomments&post=108"}],"version-history":[{"count":21,"href":"https:\/\/nuestrasenoramoratalaz.archimadrid.es\/index.php?rest_route=\/wp\/v2\/pages\/108\/revisions"}],"predecessor-version":[{"id":7889,"href":"https:\/\/nuestrasenoramoratalaz.archimadrid.es\/index.php?rest_route=\/wp\/v2\/pages\/108\/revisions\/7889"}],"up":[{"embeddable":true,"href":"https:\/\/nuestrasenoramoratalaz.archimadrid.es\/index.php?rest_route=\/wp\/v2\/pages\/6594"}],"wp:attachment":[{"href":"https:\/\/nuestrasenoramoratalaz.archimadrid.es\/index.php?rest_route=%2Fwp%2Fv2%2Fmedia&parent=108"}],"curies":[{"name":"wp","href":"https:\/\/api.w.org\/{rel}","templated":true}]}}