{"id":1570,"date":"2017-10-08T04:01:58","date_gmt":"2017-10-08T04:01:58","guid":{"rendered":"http:\/\/nuestrasenoramoratalaz.archimadrid.es\/?page_id=1570"},"modified":"2021-04-01T20:34:42","modified_gmt":"2021-04-01T18:34:42","slug":"articulo-abc","status":"publish","type":"page","link":"https:\/\/nuestrasenoramoratalaz.archimadrid.es\/?page_id=1570","title":{"rendered":"ARTICULO ABC"},"content":{"rendered":"<figure>\n<h3 class=\"titular size38 gris-ultra-oscuro clear\"><span class=\"titulo-noticia\">Nuestra Se\u00f1ora de Moratalaz: geograf\u00eda espiritual<\/span><\/h3>\n<p class=\"subtitulo gris-oscuro\" style=\"text-align: justify;\">El templo es un oasis en medio de un barrio de explosi\u00f3n demogr\u00e1fica de mayoritaria procedencia castellana y extreme\u00f1a.<\/p>\n<\/figure>\n<figure><span class=\"imagen\"><img class=\"resize-img aligncenter\" src=\"http:\/\/www.abc.es\/media\/espana\/2017\/06\/03\/moratalaz1-ktK--620x349@abc.jpg\" alt=\"Exterior de la parroquia de Nuestra Se\u00f1ora de Moratalaz\" \/><\/span><\/figure>\n<footer class=\"data gris-medio borde-abajo\"><span class=\"bloque\"><a class=\"alter\" href=\"http:\/\/www.abc.es\/autor\/jose-francisco-serrano-oceja-1765\/\"><strong>JOS\u00c9 FRANCISCO SERRANO OCEJA\u00a0<\/strong><\/a>&#8211;\u00a0<a class=\"alter\" href=\"https:\/\/twitter.com\/pserranooceja\">pserranooceja\u00a0<\/a><strong>Madrid\u00a0<\/strong><\/span><span class=\"bloque\"><span class=\"bloque\"><time datetime=\"03\/06\/2017T00:30:20+02:00\">03\/06\/2017<\/time><\/span><\/span>\u00a0<\/footer>\n<div>\n<p style=\"text-align: justify;\">\u00ab\u00a1Vamos hacer buenas migas!\u00bb, reza un cartel a la entrada del templo. Y es verdad. Las hicieron el pasado domingo para dar el pistoletazo de salida a la celebraci\u00f3n del\u00a0<strong>cincuenta aniversario\u00a0<\/strong>de la consagraci\u00f3n del templo de la parroquia de Nuestra Se\u00f1ora de Moratalaz, calle de Entre Arroyos, 19, un oasis en medio de un barrio de explosi\u00f3n demogr\u00e1fica de mayoritaria procedencia castellana y extreme\u00f1a.\u00a0<a href=\"http:\/\/www.abc.es\/espana\/madrid\/abci-parroquia-nuestra-senora-rosario-fatima-templo-y-escuela-insercion-social-201705130056_noticia.html\">Cincuenta a\u00f1os de una parroquia\u00a0<\/a>que ha sido el centro de la historia de una geograf\u00eda humana, social y espiritual. Tal y como relata el activo y siempre acogedor p\u00e1rroco de esta iglesia,<strong>\u00a0Jos\u00e9 Antonio Belmonte\u00a0<\/strong>(de esa generaci\u00f3n magn\u00edfica de curas j\u00f3venes de Madrid), las primeras iniciativas sociales, una vez que la constructora levantara las casas, se hicieron en la parroquia y desde la parroquia: el primer colegio, el primer cine, el primer dispensario, el primer centro social y cultural. Y ah\u00ed est\u00e1 ahora en la brecha. Porque si la Iglesia es una hospital de campa\u00f1a, la parroquia de Moratalaz, incluso en su arquitectura, es una tienda de campa\u00f1a. Por aquello de que \u00abel Verbo se hizo Hombre y plant\u00f3 su tienda de campa\u00f1a entre nosotros\u00bb.<\/p>\n<p style=\"text-align: justify;\">El 4 de junio de 1967, el arzobispo de Madrid, don Casimiro Morcillo, consagraba el templo. Por aquel entonces era p\u00e1rroco don\u00a0<strong>Ram\u00f3n Lled\u00f3<\/strong>, promotor del colegio, hoy de la parroquia, Nuestra Se\u00f1ora de Moratalaz. El arquitecto del original templo, muy metido en la teolog\u00eda lit\u00fargica postconciliar inmediata, fue Jos\u00e9 Antonio Dom\u00ednguez Salazar, tambi\u00e9n factor del\u00a0<a href=\"http:\/\/www.abc.es\/espana\/madrid\/abci-parroquia-santa-catalina-siena-abrazo-y-casa-mision-calle-201704290041_noticia.html\">complejo parroquial<\/a>, de la Residencia de Seminaristas y de la Guarder\u00eda infantil. Porque, en aquella \u00e9poca, los seminaristas viv\u00edan en pisos anejos a parroquias. Hoy, la parroquia est\u00e1 atenida por los sacerdotes Jes\u00fas Zoyo y Miguel Juan Forcada, que se encargan junto con el p\u00e1rroco de la animaci\u00f3n pastoral de una comunidad muy viva.<\/p>\n<figure class=\"foto-intercalada\"><img class=\"resize-img aligncenter\" src=\"http:\/\/www.abc.es\/media\/espana\/2017\/06\/03\/moratalaz2-ktK--510x286@abc.jpg\" alt=\"Interior de la parroquia de Nuestra Se\u00f1ora de Moratalaz\" \/><figcaption class=\"pie-foto gris-oscuro bg-gris-ultra-claro\"><span class=\"gris-medio\">\u00a0<\/span><\/figcaption><\/figure>\n<p id=\"roba_cintillo-id\" style=\"text-align: justify;\"><span style=\"color: #000000;\">En la lista de grupos y actividades nos topamos con a la oraci\u00f3n Shekin\u00e1, \u00abresplandor de la gloria y de la presencia de Dios\u00bb, los jueves a eso de las 20,00 horas; el Oratorio para ni\u00f1os, una nueva pedagog\u00eda de educaci\u00f3n en la fe y en la oraci\u00f3n basada en el lenguaje de los s\u00edmbolos; los Grupos de Matrimonios, GP1 y Can\u00e1; la asociaci\u00f3n socio-cultural; el grupo de Vida Ascendente, el de lectura creyente del Evangelio, y una novedad que forma parte de la inquietud de los j\u00f3venes sacerdotes: el <strong>Grupo-Franco Espa\u00f1ol \u00abErasmus&amp;Praise\u00bb<\/strong>, por eso de que el p\u00e1rroco es un amante de todo lo franc\u00e9s y est\u00e1 empe\u00f1ado en establecer lazos de comuni\u00f3n entre los erasmus franceses con la ayuda de la realidad eclesial \u00abCamino nuevo\u00bb. Tambi\u00e9n en locales parroquiales se desarrolla el Cefor, Centro de Formaci\u00f3n de la Vicar\u00eda III.<\/span><\/p>\n<p style=\"text-align: justify;\"><span style=\"color: #000000;\">La vida tiene su sinfon\u00eda propia, de ah\u00ed que la parroquia cuenta con un coral y tres coros, uno extreme\u00f1o, uno castellano y un coro Gospel. En el\u00a0<a href=\"http:\/\/www.abc.es\/espana\/madrid\/abci-parroquia-santa-maria-mesa-acogida-y-geografia-dialogo-201704220159_noticia.html\">cap\u00edtulo de la caridad<\/a>, adem\u00e1s de la acogida y de la atenci\u00f3n a cincuenta familias de la parroquia, cuentan con Cerecu y Gaya, que aqu\u00ed, por cierto, son especialistas en nombres y siglas: Centro Recreativo y Cultural, dedicado entre otros menesteres a la educaci\u00f3n de adultos; y Gaya, grupo de acogida y ayuda al estudio e inserci\u00f3n social para ni\u00f1os y j\u00f3venes en riesgo de exclusi\u00f3n, que cuenta, adem\u00e1s, con un huerto parroquial que es un vergel.<\/span><\/p>\n<p style=\"text-align: justify;\">Y, como las parroquias no son solo parroquias, nos topamos en medio de esta peque\u00f1a ciudad de Dios y de los hombres con la sede de la delegaci\u00f3n diocesana del Movimiento Scout Cat\u00f3lico del todo Madrid, que tiene al p\u00e1rroco como consiliario diocesano. Los Scouts Cat\u00f3licos de Madrid cuentan con\u00a0<strong>37 grupos adscritos a parroquias\u00a0<\/strong>o colegios y unos tres mil ni\u00f1os y j\u00f3venes organizados por ramas. Es el movimiento de pastoral juvenil m\u00e1s mayoritario, no solo en la capital sino en toda Espa\u00f1a, 28.000 socios. La sede de la delegaci\u00f3n y el albergue juvenil House Scout Madrid, una iniciativa de estancia para j\u00f3venes en un Madrid bien comunicado, con alta calificaci\u00f3n en los \u00abrankings\u00bb y con modernas salas de reuniones y de trabajo que facilitan los servicios b\u00e1sicos y la asistencia de grupos. La parroquia, y la Iglesia, de verdad, tienda y hospital de campa\u00f1a.<\/p>\n<p>Fuente: <span style=\"color: #0000ff;\"><strong><a href=\"http:\/\/www.abc.es\/espana\/madrid\/abci-nuestra-senora-moratalaz-geografia-espiritual-201706030030_noticia.html\"><u>abc<u><\/u><\/u><\/a><\/strong><\/span><\/p>\n<p><u><u>\u00a0<\/u><\/u><\/p>\n<\/div>\n","protected":false},"excerpt":{"rendered":"<p>Nuestra Se\u00f1ora de Moratalaz: geograf\u00eda espiritual El templo es un oasis en medio de un barrio de explosi\u00f3n demogr\u00e1fica de mayoritaria procedencia castellana y extreme\u00f1a.<\/p>\n","protected":false},"author":6,"featured_media":0,"parent":6425,"menu_order":2,"comment_status":"closed","ping_status":"closed","template":"","meta":{"_monsterinsights_skip_tracking":false,"_monsterinsights_sitenote_active":false,"_monsterinsights_sitenote_note":"","_monsterinsights_sitenote_category":0},"aioseo_notices":[],"_links":{"self":[{"href":"https:\/\/nuestrasenoramoratalaz.archimadrid.es\/index.php?rest_route=\/wp\/v2\/pages\/1570"}],"collection":[{"href":"https:\/\/nuestrasenoramoratalaz.archimadrid.es\/index.php?rest_route=\/wp\/v2\/pages"}],"about":[{"href":"https:\/\/nuestrasenoramoratalaz.archimadrid.es\/index.php?rest_route=\/wp\/v2\/types\/page"}],"author":[{"embeddable":true,"href":"https:\/\/nuestrasenoramoratalaz.archimadrid.es\/index.php?rest_route=\/wp\/v2\/users\/6"}],"replies":[{"embeddable":true,"href":"https:\/\/nuestrasenoramoratalaz.archimadrid.es\/index.php?rest_route=%2Fwp%2Fv2%2Fcomments&post=1570"}],"version-history":[{"count":18,"href":"https:\/\/nuestrasenoramoratalaz.archimadrid.es\/index.php?rest_route=\/wp\/v2\/pages\/1570\/revisions"}],"predecessor-version":[{"id":7378,"href":"https:\/\/nuestrasenoramoratalaz.archimadrid.es\/index.php?rest_route=\/wp\/v2\/pages\/1570\/revisions\/7378"}],"up":[{"embeddable":true,"href":"https:\/\/nuestrasenoramoratalaz.archimadrid.es\/index.php?rest_route=\/wp\/v2\/pages\/6425"}],"wp:attachment":[{"href":"https:\/\/nuestrasenoramoratalaz.archimadrid.es\/index.php?rest_route=%2Fwp%2Fv2%2Fmedia&parent=1570"}],"curies":[{"name":"wp","href":"https:\/\/api.w.org\/{rel}","templated":true}]}}