{"id":1619,"date":"2017-10-08T15:58:33","date_gmt":"2017-10-08T13:58:33","guid":{"rendered":"http:\/\/nuestrasenoramoratalaz.archimadrid.es\/?page_id=1619"},"modified":"2018-11-10T14:35:41","modified_gmt":"2018-11-10T13:35:41","slug":"adoremos","status":"publish","type":"page","link":"https:\/\/nuestrasenoramoratalaz.archimadrid.es\/?page_id=1619","title":{"rendered":"ADOREMOS"},"content":{"rendered":"<div class=\"col-sm-4 first-child\"><img src=\"http:\/\/www.deleju.info\/images\/deleju\/articulos\/osoro1.jpg\" alt=\"deleju\" \/><\/div>\n<div class=\"col-sm-8\">\n<p>Tal y como lo anunciara en su homil\u00eda en la Misa de Toma de Posesi\u00f3n como Arzobispo de Madrid, Mons. Carlos Osoro mantendr\u00e1 encuentros de oraci\u00f3n con los j\u00f3venes todos los primeros viernes de mes, en la Catedral de la Almudena.<\/p>\n<p>Comenzar\u00e1n a las 21:00 horas con una cena con bocatas en la plaza de S. Juan Pablo II. A las 21:45 horas, entrada en el templo para ensayar los cantos. A las 22,00 horas dar\u00e1 comienzo la Vigilia, que concluir\u00e1 a las 23,00 horas.<\/p>\n<p><i>\u00abMe pongo en camino con vosotros, os citar\u00e9 todos los meses a tener un encuentro conmigo, para encontrarnos con el Se\u00f1or, as\u00ed lo hice desde que soy Obispo.<\/i><\/p>\n<p><i>Os invito a tener el atrevimiento de decir en este mundo que es bueno ir con Jes\u00fas, seguir a Jes\u00fas, escuchar su mensaje, salir de uno mismo y sentir y hacer percibir la alegr\u00eda de ser cristiano, pues creemos en el Resucitado que ha vencido el mal y la muerte, nos hizo pasar de la muerte a la vida. Y hay que jugarse la juventud por grandes ideales, entre ellos por hacer presente la Vida. Esta apuesta hace grande el coraz\u00f3n, de tal manera que as\u00ed en \u00e9l entran todos los hombres. (&#8230;) No teng\u00e1is miedo de so\u00f1ar con cosas grandes. Dejaos acompa\u00f1ar por Jesucristo. \u00a1Qu\u00e9 vida m\u00e1s novedosa con esta compa\u00f1\u00eda! Nos lo dice el Se\u00f1or en el Evangelio (cf. Mt 35,31-46): socorriendo al pr\u00f3jimo hambriento, sediento, extranjero, desnudo, enfermo, encarcelado, sin esperanza, sin trabajo, sin horizontes, sin familia, sin saber el camino.<\/i><\/p>\n<p>Queridos j\u00f3venes, la novedad de Dios que se nos revela en Jesucristo, no se asemeja a las novedades humanas, que son provisionales, pasan y siempre buscan algo m\u00e1s o establecen a la larga, divisiones, odios, rupturas, enfrentamientos, dicen no a la cultura del encuentro. La novedad de Dios, nos hace caminar contracorriente, pues \u00c9l nos da la fuerza de su amor, con \u00c9l podemos hacer todo, hasta poner en juego nuestra vida, de tal manera que ella sea prolongaci\u00f3n del amor mismo de Dios, que no ve enemigos sino hermanos. Apostad por un mundo que merezca la pena.\u00bb<\/p>\n<\/div>\n<p style=\"text-align: center;\"><a href=\"https:\/\/nuestrasenoramoratalaz.archimadrid.es\/wp-content\/uploads\/2017\/10\/vigilia2.jpg\"><img loading=\"lazy\" class=\"alignnone wp-image-2003 size-full\" src=\"https:\/\/nuestrasenoramoratalaz.archimadrid.es\/wp-content\/uploads\/2017\/10\/vigilia2.jpg\" alt=\"\" width=\"920\" height=\"558\" srcset=\"https:\/\/nuestrasenoramoratalaz.archimadrid.es\/wp-content\/uploads\/2017\/10\/vigilia2.jpg 920w, https:\/\/nuestrasenoramoratalaz.archimadrid.es\/wp-content\/uploads\/2017\/10\/vigilia2-300x182.jpg 300w, https:\/\/nuestrasenoramoratalaz.archimadrid.es\/wp-content\/uploads\/2017\/10\/vigilia2-768x466.jpg 768w\" sizes=\"(max-width: 920px) 100vw, 920px\" \/><\/a><\/p>\n<p style=\"text-align: center;\"><a href=\"https:\/\/nuestrasenoramoratalaz.archimadrid.es\/wp-content\/uploads\/2017\/10\/vigilia1.jpg\"><img loading=\"lazy\" class=\"alignnone wp-image-2002\" src=\"https:\/\/nuestrasenoramoratalaz.archimadrid.es\/wp-content\/uploads\/2017\/10\/vigilia1.jpg\" alt=\"\" width=\"920\" height=\"559\" srcset=\"https:\/\/nuestrasenoramoratalaz.archimadrid.es\/wp-content\/uploads\/2017\/10\/vigilia1.jpg 993w, https:\/\/nuestrasenoramoratalaz.archimadrid.es\/wp-content\/uploads\/2017\/10\/vigilia1-300x182.jpg 300w, https:\/\/nuestrasenoramoratalaz.archimadrid.es\/wp-content\/uploads\/2017\/10\/vigilia1-768x466.jpg 768w\" sizes=\"(max-width: 920px) 100vw, 920px\" \/><\/a><\/p>\n<p><a href=\"https:\/\/nuestrasenoramoratalaz.archimadrid.es\/wp-content\/uploads\/2018\/11\/Almudena2019.jpg\"><img loading=\"lazy\" class=\"size-full wp-image-5447 aligncenter\" src=\"https:\/\/nuestrasenoramoratalaz.archimadrid.es\/wp-content\/uploads\/2018\/11\/Almudena2019.jpg\" alt=\"\" width=\"473\" height=\"458\" srcset=\"https:\/\/nuestrasenoramoratalaz.archimadrid.es\/wp-content\/uploads\/2018\/11\/Almudena2019.jpg 473w, https:\/\/nuestrasenoramoratalaz.archimadrid.es\/wp-content\/uploads\/2018\/11\/Almudena2019-300x290.jpg 300w\" sizes=\"(max-width: 473px) 100vw, 473px\" \/><\/a><\/p>\n","protected":false},"excerpt":{"rendered":"<p>Tal y como lo anunciara en su homil\u00eda en la Misa de Toma de Posesi\u00f3n como Arzobispo de Madrid, Mons. Carlos Osoro mantendr\u00e1 encuentros de<\/p>\n","protected":false},"author":6,"featured_media":0,"parent":1504,"menu_order":2,"comment_status":"closed","ping_status":"closed","template":"","meta":{"_monsterinsights_skip_tracking":false,"_monsterinsights_sitenote_active":false,"_monsterinsights_sitenote_note":"","_monsterinsights_sitenote_category":0},"aioseo_notices":[],"_links":{"self":[{"href":"https:\/\/nuestrasenoramoratalaz.archimadrid.es\/index.php?rest_route=\/wp\/v2\/pages\/1619"}],"collection":[{"href":"https:\/\/nuestrasenoramoratalaz.archimadrid.es\/index.php?rest_route=\/wp\/v2\/pages"}],"about":[{"href":"https:\/\/nuestrasenoramoratalaz.archimadrid.es\/index.php?rest_route=\/wp\/v2\/types\/page"}],"author":[{"embeddable":true,"href":"https:\/\/nuestrasenoramoratalaz.archimadrid.es\/index.php?rest_route=\/wp\/v2\/users\/6"}],"replies":[{"embeddable":true,"href":"https:\/\/nuestrasenoramoratalaz.archimadrid.es\/index.php?rest_route=%2Fwp%2Fv2%2Fcomments&post=1619"}],"version-history":[{"count":17,"href":"https:\/\/nuestrasenoramoratalaz.archimadrid.es\/index.php?rest_route=\/wp\/v2\/pages\/1619\/revisions"}],"predecessor-version":[{"id":5450,"href":"https:\/\/nuestrasenoramoratalaz.archimadrid.es\/index.php?rest_route=\/wp\/v2\/pages\/1619\/revisions\/5450"}],"up":[{"embeddable":true,"href":"https:\/\/nuestrasenoramoratalaz.archimadrid.es\/index.php?rest_route=\/wp\/v2\/pages\/1504"}],"wp:attachment":[{"href":"https:\/\/nuestrasenoramoratalaz.archimadrid.es\/index.php?rest_route=%2Fwp%2Fv2%2Fmedia&parent=1619"}],"curies":[{"name":"wp","href":"https:\/\/api.w.org\/{rel}","templated":true}]}}

<div class="col-sm-4 first-child"><img src="http://www.deleju.info/images/deleju/articulos/osoro1.jpg" alt="deleju" /></div>
<div class="col-sm-8">
<p>Tal y como lo anunciara en su homilía en la Misa de Toma de Posesión como Arzobispo de Madrid, Mons. Carlos Osoro mantendrá encuentros de oración con los jóvenes todos los primeros viernes de mes, en la Catedral de la Almudena.</p>
<p>Comenzarán a las 21:00 horas con una cena con bocatas en la plaza de S. Juan Pablo II. A las 21:45 horas, entrada en el templo para ensayar los cantos. A las 22,00 horas dará comienzo la Vigilia, que concluirá a las 23,00 horas.</p>
<p><i>«Me pongo en camino con vosotros, os citaré todos los meses a tener un encuentro conmigo, para encontrarnos con el Señor, así lo hice desde que soy Obispo.</i></p>
<p><i>Os invito a tener el atrevimiento de decir en este mundo que es bueno ir con Jesús, seguir a Jesús, escuchar su mensaje, salir de uno mismo y sentir y hacer percibir la alegría de ser cristiano, pues creemos en el Resucitado que ha vencido el mal y la muerte, nos hizo pasar de la muerte a la vida. Y hay que jugarse la juventud por grandes ideales, entre ellos por hacer presente la Vida. Esta apuesta hace grande el corazón, de tal manera que así en él entran todos los hombres. (&#8230;) No tengáis miedo de soñar con cosas grandes. Dejaos acompañar por Jesucristo. ¡Qué vida más novedosa con esta compañía! Nos lo dice el Señor en el Evangelio (cf. Mt 35,31-46): socorriendo al prójimo hambriento, sediento, extranjero, desnudo, enfermo, encarcelado, sin esperanza, sin trabajo, sin horizontes, sin familia, sin saber el camino.</i></p>
<p>Queridos jóvenes, la novedad de Dios que se nos revela en Jesucristo, no se asemeja a las novedades humanas, que son provisionales, pasan y siempre buscan algo más o establecen a la larga, divisiones, odios, rupturas, enfrentamientos, dicen no a la cultura del encuentro. La novedad de Dios, nos hace caminar contracorriente, pues Él nos da la fuerza de su amor, con Él podemos hacer todo, hasta poner en juego nuestra vida, de tal manera que ella sea prolongación del amor mismo de Dios, que no ve enemigos sino hermanos. Apostad por un mundo que merezca la pena.»</p>
</div>
<p style="text-align: center;"><a href="https://nuestrasenoramoratalaz.archimadrid.es/wp-content/uploads/2017/10/vigilia2.jpg"><img loading="lazy" class="alignnone wp-image-2003 size-full" src="https://nuestrasenoramoratalaz.archimadrid.es/wp-content/uploads/2017/10/vigilia2.jpg" alt="" width="920" height="558" srcset="https://nuestrasenoramoratalaz.archimadrid.es/wp-content/uploads/2017/10/vigilia2.jpg 920w, https://nuestrasenoramoratalaz.archimadrid.es/wp-content/uploads/2017/10/vigilia2-300x182.jpg 300w, https://nuestrasenoramoratalaz.archimadrid.es/wp-content/uploads/2017/10/vigilia2-768x466.jpg 768w" sizes="(max-width: 920px) 100vw, 920px" /></a></p>
<p style="text-align: center;"><a href="https://nuestrasenoramoratalaz.archimadrid.es/wp-content/uploads/2017/10/vigilia1.jpg"><img loading="lazy" class="alignnone wp-image-2002" src="https://nuestrasenoramoratalaz.archimadrid.es/wp-content/uploads/2017/10/vigilia1.jpg" alt="" width="920" height="559" srcset="https://nuestrasenoramoratalaz.archimadrid.es/wp-content/uploads/2017/10/vigilia1.jpg 993w, https://nuestrasenoramoratalaz.archimadrid.es/wp-content/uploads/2017/10/vigilia1-300x182.jpg 300w, https://nuestrasenoramoratalaz.archimadrid.es/wp-content/uploads/2017/10/vigilia1-768x466.jpg 768w" sizes="(max-width: 920px) 100vw, 920px" /></a></p>
<p><a href="https://nuestrasenoramoratalaz.archimadrid.es/wp-content/uploads/2018/11/Almudena2019.jpg"><img loading="lazy" class="size-full wp-image-5447 aligncenter" src="https://nuestrasenoramoratalaz.archimadrid.es/wp-content/uploads/2018/11/Almudena2019.jpg" alt="" width="473" height="458" srcset="https://nuestrasenoramoratalaz.archimadrid.es/wp-content/uploads/2018/11/Almudena2019.jpg 473w, https://nuestrasenoramoratalaz.archimadrid.es/wp-content/uploads/2018/11/Almudena2019-300x290.jpg 300w" sizes="(max-width: 473px) 100vw, 473px" /></a></p>

<p>Tal y como lo anunciara en su homilía en la Misa de Toma de Posesión como Arzobispo de Madrid, Mons. Carlos Osoro mantendrá encuentros de</p>
